+ 4*k, b = -k + 3*o + 46. What is the units digit of k?
1
Let u = 7 - 6. Suppose 0 = 2*q - 3*q - u. What is the units digit of -1 - q/(2/62)?
0
Suppose -23*c + 22*c = -2. What is the units digit of c?
2
Let o(y) = -y**3 - 15*y**2 - 38*y - 35. What is the hundreds digit of o(-22)?
1
Let j(f) = f**3 - 10*f**2 - 6*f - 2. Let n be j(10). Let y = n - -156. What is the tens digit of y?
9
Suppose 5*y - 17 - 3 = 0. Suppose -4*r + 12 + y = 0. Suppose 4*p = 5*s - 17, r*s + 2*p = p + 22. What is the units digit of s?
5
Let h(l) = 17*l + 2. Let m be h(14). Let b = m - 107. What is the units digit of b?
3
Let d = 7 - 15. Let y(c) be the third derivative of -c**6/120 - 3*c**5/20 - 5*c**4/12 - 7*c**3/6 + 8*c**2. What is the units digit of y(d)?
9
Suppose 2*v - 7*o + 13*o - 2682 = 0, 2*v - 2686 = -5*o. What is the tens digit of v?
5
Let h(c) = 10*c**2 - 15*c + 159. What is the hundreds digit of h(8)?
6
Let c(u) = 205*u + 10. Let h be c(7). Suppose -3*t - h = 787. What is the units digit of t/(-28) - 6/(-14)?
7
Suppose 2*r - 4*x = -2 - 2, -2*r - 2*x + 8 = 0. What is the units digit of (-28*(-3)/(-2))/(-4 + r)?
1
Suppose 0 = -5*g - 3*l + 137 - 381, 0 = -2*g + 4*l - 82. Let c = -2 - g. What is the tens digit of c?
4
Suppose 27*f - 17661 = 30858. What is the tens digit of f?
9
Suppose 129525 = 50*k - 17*k. What is the thousands digit of k?
3
Suppose -147 - 38 = -5*p + 5*w, 4 = -w. Suppose o - 4*y - p = -12, -y = 4. Suppose i + 2*j = -0*i + 45, -5*i + o*j + 150 = 0. What is the tens digit of i?
3
Let p be -1 - ((-212)/(-8) - 1/(-2)). What is the hundreds digit of (-1)/4 + (-9667)/p?
3
Suppose 5*x = 3*k + 2883, -5*x = -k + 6*k - 2915. What is the tens digit of x?
7
Suppose 0 = 116*z - 123*z + 3122. What is the hundreds digit of z?
4
Let l = -99 + 211. Let k be (l/(-20))/(2/(-10)). Let v = k + -9. What is the tens digit of v?
1
Suppose -s = -4 + 3. Let m be (s/1 + -2)/1. What is the tens digit of (m/1)/(2/(-28))?
1
Suppose 2*u + 50 = 12. Let s = 35 + u. What is the units digit of s?
6
Let g(a) = 6 + 282*a + a**2 - 2*a**2 - 278*a. Let z be g(6). Let j = z - -13. What is the units digit of j?
7
Let q(j) = 7 - 3*j - 17 - 2. What is the units digit of q(-6)?
6
What is the hundreds digit of -5889*((-1540)/1815 + 4/22)?
9
Let m be 3/(((-9)/4)/(-3)). Let y be m + 40/(-5) + 4. Suppose y = v + 3*v - 244. What is the tens digit of v?
6
Let k(h) = -h**3 + 6*h**2 + 5*h + 4. Let b(j) = -5*j**3 + 24*j**2 + 20*j + 17. Let q(n) = -2*b(n) + 9*k(n). Let i = 1 - 5. What is the tens digit of q(i)?
1
Let s(f) = -11*f**3 - 2*f - f**2 - 12*f**3 + f + 0*f**2. Let t be s(-1). Let u = t + 26. What is the units digit of u?
9
Let x be 20/6*(-30)/(-25). Suppose x*h - 618 - 750 = 0. What is the units digit of h/15 - (-4)/20?
3
Let w be 6/(-33) + 18/(-22). What is the units digit of w/(-4) + (-75)/(-4)?
9
Suppose 0 = s - 2*s + 362. What is the hundreds digit of s?
3
Let y(b) = b**3 + 6*b**2 + 5*b + 3. Let o be y(-5). Let x = 3 - 3. Suppose -2*j + 3*j - o = x. What is the units digit of j?
3
Let a = -20 - -16. Let j be (-9)/(-1) - (a - -1). Suppose j = -m + 3*m. What is the units digit of m?
6
Let w = 1463 - -881. What is the tens digit of w?
4
Suppose -5*d + 49 = 3*x, 0 = 3*x - 2*d - 6 - 8. Suppose 12*z - x*z - 8 = 0. What is the units digit of z?
2
Suppose 0 = 2*q + q - 201. Suppose -4*n = -21 - q. What is the tens digit of n?
2
Let n(d) = 22*d**2 + 7*d + 10. What is the hundreds digit of n(-6)?
7
Let c = 905 - 478. What is the hundreds digit of c?
4
Suppose 2*r + 52*v - 53*v = 3400, -3*r + 5*v + 5100 = 0. What is the hundreds digit of r?
7
Let k = -17 - -23. Let v(i) = 30 - k - 2 - i. What is the units digit of v(10)?
2
Suppose 19*u = 644 + 5740. What is the units digit of u?
6
Let v = 12 + 175. What is the hundreds digit of v?
1
What is the thousands digit of (6 + 13/(-4))/(3/3804)?
3
Suppose 2*l = -5*j + 185 + 154, -2*l = -5*j + 351. What is the units digit of j?
9
Let h(l) = 116*l - 447. What is the hundreds digit of h(34)?
4
Let o be -1 + -7 - (4 + -3). Let n be 2/(-9) - 11/o. Let b(a) = 13*a**2 + 2*a - 1. What is the units digit of b(n)?
4
Suppose 13*p = 2*p + 2475. Suppose -26*d = -21*d - p. What is the tens digit of d?
4
Suppose 0 = -2*d - 5*o + 9*o + 3068, 10*o = -5*d + 7590. What is the hundreds digit of d?
5
Suppose 9*b - 6*b - 2550 = 0. What is the hundreds digit of b?
8
Suppose -n + 4*t + 480 = 0, -9*n + 2378 = -4*n + 2*t. What is the hundreds digit of n?
4
Suppose 21 = -8*v + 61. Suppose 4*k - 212 = -5*w, 266 = v*w - k + 69. What is the tens digit of w?
4
Let c(w) = w**3 + 3*w**2 - 2*w. Let j be c(2). Suppose -4*b + j = 0, -14 - 48 = -3*t + b. What is the units digit of t?
2
Let t = 26 + 67. Suppose -3*a - 3 = 0, 0 = 3*n - a - t + 11. What is the units digit of n?
7
Let t(z) = z**2 + 4*z + 4. Suppose 5*j + 29 - 9 = 0. Let x be t(j). Suppose x*v = -v + 5*s + 100, -5*v + s = -88. What is the tens digit of v?
1
Suppose 70*k - 108086 = 36*k. What is the hundreds digit of k?
1
Let n = -12 - -18. Let f be (6 + -5)*(45 - 0). Suppose w + f = n*w. What is the units digit of w?
9
Suppose -3*y - 3*l - 87 = 0, 6*l = -3*y + 2*l - 86. Suppose 2*v - 7*v - 135 = 0. Let j = v - y. What is the units digit of j?
3
Let p(w) = w**3 + 19*w**2 - 8*w + 15. Let v be p(-19). Suppose 4*d + 2*j = 566, 5*d - j = v + 544. What is the tens digit of d?
4
Suppose z + 987 = 5*l, l - 25*z = -27*z + 193. What is the units digit of l?
7
Let d be (8/(-5))/(13/(130/4)). What is the tens digit of (16/(-12))/d + 446/3?
4
What is the units digit of 4 + (-22041)/(-27) + (-5)/(-3)?
2
Suppose c + 2*k = -4*c + 2, -3*c - k = -2. Suppose 0 = -c*h - 11 + 45. What is the tens digit of h?
1
Let x = 81 - 54. Let z(k) = k + 7*k**3 + 1 + k - x*k**3. What is the units digit of z(-1)?
9
Suppose -38*z + 4443 = -6805. What is the tens digit of z?
9
Suppose 0 = 3*r - 2*h + 1, -5*r - 2 = -4*h + 3. Suppose -t + 12 = r*t. Let l(k) = k**3 - 2*k**2 + 2*k + 5. What is the tens digit of l(t)?
2
Suppose 4 = 2*c, 5*u - c - 4501 = -683. What is the hundreds digit of u?
7
Suppose -2*l + 55 = l + 2*i, 5*l + 4*i = 95. Suppose -l*g = 3*g - 1170. What is the units digit of g?
5
Let v be (((-42)/4)/(-7))/(9/12). Suppose v*b - 5*l = -0*b + 475, -4*l = -b + 230. What is the hundreds digit of b?
2
Suppose -4*i = m + 86, m + m = 4*i + 80. Let r = i - -24. What is the units digit of r?
3
Let d = -21 - -16. Let l be d/(-5) - (-1 - 22). What is the units digit of (l/30)/(4/150)?
0
Let m be (-10)/(-50) - (-44)/5. Suppose -5*w = -m*w. What is the tens digit of (-2 - (-2 + w)) + 50?
5
Suppose y + 2*k - 69 + 0 = 0, -3*y + 5*k + 163 = 0. Suppose -184 = -3*m - y. What is the tens digit of m?
4
Let j be (-5 - -1)*(0 + 88/(-32)). Suppose -j*p + 340 = -606. What is the tens digit of p?
8
Let u = -62 - -249. Suppose 463 - u = 4*m. What is the tens digit of m?
6
Let p be (-9)/(-15)*5*1. Suppose -56 = -2*f + 2*v, 0 = p*f + 2*v - 58 - 31. Suppose x = f + 5. What is the tens digit of x?
3
Suppose -7*b - 8*b = -8055. What is the hundreds digit of b?
5
Let w be -2*3/(-6) - (2 - 3). Suppose p - 5*p - 112 = -w*l, l - 5*p - 41 = 0. What is the units digit of l?
6
Suppose -11*d + 8*d - 1659 = -4*b, 3*b = -2*d + 1257. What is the hundreds digit of b?
4
Suppose n - 85 = -32. What is the units digit of n?
3
Let g = 7 - 16. Let v(p) = -p**3 - 10*p**2 - 6*p - 11. Let b be v(g). Let m = 64 + b. What is the units digit of m?
6
Let z = 16 + -29. Let t = z + 30. What is the units digit of t?
7
Let d be 2/(-4) - (-210)/28. Let z be (-2)/d - (-325)/35. Suppose -5*p = -3*m + 60, 2*m = 4*p + 33 + z. What is the tens digit of m?
1
Let g(d) = -4*d. Let c be g(-18). Suppose c = -4*l + 256. What is the tens digit of l?
4
Suppose -7 - 29 = -6*d. Suppose 0 = 4*b - 7*b - 3*k - 15, -2*k = -d. What is the tens digit of (-326)/b + (-1)/(-4)?
4
Let v = -324 + 349. What is the units digit of v?
5
Let l(i) = 100*i**3 + i**2 + 2*i - 2. Let h be l(1). Let n = h - -77. What is the units digit of n?
8
Let z(a) = a**2 + 6*a - 4. Let w be z(-6). Let l(f) = -f**3 - 4*f**2 + 2*f + 2. Let h be l(w). Let s = h - -38. What is the units digit of s?
2
Let f = 703 - -707. What is the units digit of f?
0
Let d = -1035 + 2990. What is the thousands digit of d?
1
Suppose -m + 4*m + 27 = 0. Let t = m + 11. Suppose -116 